
Let n = 185 + -163. Let c(q) = -q**3 - 6*q**2 + 8*q + 13. Let d be c(-6). Calculate the remainder when d/2*60/(-25) is divided by n.
20
Let h(m) = -m - 27. Let n be h(-9). Let s(i) = -i**3 - 16*i**2 + 29*i + 39. Calculate the remainder when s(n) is divided by 28.
25
Let d(j) = 32*j**3 - 3*j**2 + 6*j + 5. Let m(s) = -41*s - 39. Let k be m(-1). What is the remainder when d(k) is divided by 33?
30
Suppose 5*h - 2*p = 1007, -p - 4*p - 589 = -3*h. Let g = 108 + h. What is the remainder when g is divided by 39?
38
Calculate the remainder when (-3)/(-3)*(3/1 - -554) is divided by (45 - 54) + 6/(-9)*-63.
29
Let j(w) = -w**3 - 9*w**2 + 6*w - 4. Let o be j(-7). Let u = o - -201. Suppose 0 = -12*m + 107 + 37. What is the remainder when u is divided by m?
9
Let m(v) = -17*v**2 + 224*v - 14. What is the remainder when 2583 is divided by m(2)?
21
Let i(k) = -8*k + 56. Let v be i(5). Suppose 58 + 70 = v*a. What is the remainder when 189 is divided by a?
5
Let a(q) = q**2 + 21*q - 132. Let h be a(-26). Let v = -11 - -6. What is the remainder when 59 is divided by (1 - h - 6)*v?
14
Suppose y + 476 = -95*g + 96*g, 0 = g + 3*y - 492. Calculate the remainder when g is divided by 356.
124
Calculate the remainder when -8 - (-407 - -13)/2 is divided by 5.
4
Let s(j) = 78*j**2 + 3*j + 2. Let a be s(-1). Let y = a - 54. Calculate the remainder when y is divided by 12.
11
Let h be ((-1)/2)/(5/1490). Let s = h + 241. What is the remainder when s is divided by 31?
30
Suppose 2*d + q + 193 - 217 = 0, 2*d - 3*q - 24 = 0. Suppose 38 = 4*w + 14. Suppose w + 38 = h. What is the remainder when h is divided by d?
8
Suppose 0 = 73*c + 49*c - 149206. What is the remainder when c is divided by 136?
135
Let u be (-4)/(-62) + (-35196)/651. What is the remainder when (u/15)/(10/(-350)) is divided by 32?
30
Let k = -9000 - -9028. What is the remainder when 1593 is divided by k?
25
Suppose -13*j + 15*j = 14. Let z(a) = 5*a + 7. Calculate the remainder when z(6) is divided by (7 - (j - 24)) + 0 + -4.
17
Let w(n) = -9*n + 314. Calculate the remainder when w(16) is divided by 24.
2
Suppose 17*w + 12254 = 344*w + 230*w. Calculate the remainder when 848 is divided by w.
12
Let t = -420 + 206. Let l = t - -237. Let m(c) = 4*c + 6. What is the remainder when m(9) is divided by l?
19
Suppose -3*g = -73 - 116. Suppose -g*w = -105*w + 1302. What is the remainder when 121 is divided by w?
28
Let k be -1 - 7/(-6) - (-78)/(-36). What is the remainder when 104 is divided by (-42)/(-18)*(16 + k - -1)?
34
Suppose 0 = 4*v - 2*g - 40, v - g + 72 = 82. What is the remainder when 598 is divided by v?
8
Calculate the remainder when 2428 is divided by 18*(12/8 + -12 + 11).
7
Let w(t) = -t**2 + 238*t + 6912. Let f = 0 - -1. Calculate the remainder when w(-26) is divided by 16 - (-3 + f + 1).
14
Suppose -15563 + 46905 + 17234 = 276*z. What is the remainder when z is divided by 128?
48
Let o = -10 + 5. Let t = o - -8. Let x(v) = -6*v**2 - 85*v + 3. Calculate the remainder when x(-14) is divided by t.
2
Let t = -26254 - -26999. Calculate the remainder when t is divided by 251.
243
Suppose 2*v - 88 = 3*u, 5*u + 22 = 4*v - 156. Calculate the remainder when 242 is divided by v.
7
Suppose 52 = 2*v + 2*v. Let n be (12/(-30) - (-36)/(-10)) + 7. Suppose -3*k = i - 114, -n*i = 5*k - 2*i - 190. Calculate the remainder when k is divided by v.
12
Suppose 865*p - 866*p - 5729 = -4*f, 5*f = 2*p + 7159. Calculate the remainder when f is divided by 16.
9
Let j = 17578 + -16539. Calculate the remainder when j is divided by 21.
10
Let r(n) = -5*n**2 + 2. Let j(x) = -11*x**2 + 5. Let a(p) = 4*j(p) - 9*r(p). Calculate the remainder when a(-3) is divided by (6/9)/(1/9).
5
Suppose o - 3*o + 7 = w, 3*o - 2*w = 0. Suppose -2*s = -5*x - 1, 0*s = -o*x + s. Let v(c) = -9*c - 1. Calculate the remainder when 23 is divided by v(x).
7
What is the remainder when 2 + (1757 - (-5 + 2/(-2))) is divided by 31?
29
Let j(m) = 3*m**2 + 171*m + 539. Calculate the remainder when j(-73) is divided by 17.
14
Suppose 4704 = 144*h - 48*h. What is the remainder when 265 is divided by h?
20
Let z = 11 - -3. Calculate the remainder when 14 - (-38 - (-2 - 12)) is divided by z.
10
Let y = -4 + 14. Suppose -w = -5*z + 294 + 72, 3*z - 234 = -3*w. Calculate the remainder when z is divided by y.
4
Suppose -2*f = -a - 12, -4*a + 2*f - 31 = -7. Let v be (45/60)/(4/((-32)/(-3))). Calculate the remainder when 38 is divided by (-5)/((14/a + v)/3).
8
Let b(o) = 71*o - 168. Suppose -4*t + 4*a + 0*a = -312, -312 = -4*t + 5*a. Calculate the remainder when b(10) is divided by t.
74
Suppose 3499 = 3349*x - 3322*x + 340. Calculate the remainder when 10762 is divided by x.
115
Let m = -449 + 454. Calculate the remainder when 6 is divided by m.
1
What is the remainder when 0 - (-2 - 86/2) is divided by (-4 - 4) + 1984/64?
22
Suppose -2*k - 3*y - y = -26, 0 = -k + 4*y - 11. Suppose 0 = -k*u + 187 - 27. What is the remainder when ((-1)/4*6)/((-6)/u) is divided by 5?
3
Suppose -16*p = p - 85. Suppose z = p*u + 22, 8*z - 5*z - 78 = 3*u. What is the remainder when 52 is divided by z?
25
Suppose 0 = 77*g - 1672 - 561. Calculate the remainder when 2609 is divided by g.
28
Suppose -5*f - 30*r + 35*r = -375, 0 = f - 3*r - 63. Calculate the remainder when 1212 is divided by f.
78
Let b = 2408 - 2349. What is the remainder when (-509)/(-3) + (-4)/6 is divided by b?
51
Suppose n - 2*f - 82 = -3*n, n = -5*f + 4. Suppose -u + 4*t = 4*u - 31, 2*u = -5*t + n. Calculate the remainder when 12 is divided by u.
5
Suppose 13 + 158 = 3*g. Let d = g + -33. What is the remainder when -4*((-1089)/44 + 13) is divided by d?
23
Let p = -89 + 94. Suppose 0 = 4*l + 5*u + 2, 2*u + 4 = -3*l - 3*u. Suppose 0 = 5*k - l*k - 24. What is the remainder when k is divided by p?
3
What is the remainder when ((-1184)/(-8))/(12/66) is divided by 51?
49
Suppose 20*t - 23*t = -108. Let g = t + -35. Let k(q) = 6*q**2 + q - 1. What is the remainder when 11 is divided by k(g)?
5
Suppose 24*t + 898062 = 189*t + 77*t. Calculate the remainder when t is divided by 21.
15
Suppose 0 = -51*a + 18*a + 19800. Calculate the remainder when 600 is divided by a.
0
Suppose -5*g + 7 + 8 = 0. Suppose 2749 = g*b + 151. Calculate the remainder when 12/(-20) - b/(-10) is divided by 22.
20
Let u(f) = -30*f - 346. Let i(g) = g - 1. Let n(c) = -5*i(c) - u(c). Calculate the remainder when n(-13) is divided by (-65)/(-9) + 4/(-18).
5
Let b = -8220 - -8276. Calculate the remainder when 1474 is divided by b.
18
Let s(w) = -2*w**2 - 32*w + 532. Calculate the remainder when 72 is divided by s(10).
0
Let g be 650/(-9) - (-44)/198. Let n = -135 - g. Let f = -49 - n. What is the remainder when 68 is divided by f?
12
Suppose 5*j + 18*j - 124155 = 36891. Calculate the remainder when j is divided by 16.
10
Let l(i) = -i**2 + 15*i - 9. Suppose -8495 = -94*p + 519*p - 28895. Calculate the remainder when p is divided by l(6).
3
Let c(s) = 7*s**2 + 30*s + 91. Let g = -78 + 75. What is the remainder when 702 is divided by c(g)?
62
Let o(x) = -39 - 5*x + 5 + 129. Calculate the remainder when 66 is divided by o(14).
16
Let v = 159 - 124. Suppose v = -6*t + 341. Calculate the remainder when 182 is divided by t.
29
Suppose -2*m + 2*t = -1528, 8*t = 4*m + 3*t - 3054. Suppose 3*l = 2*d + 185, l - d - 46 - 17 = 0. Calculate the remainder when m is divided by l.
58
Suppose 2814 = -492*d + 32749 - 2875. Calculate the remainder when 8301 is divided by d.
51
Suppose 41*t - 30*t - 33 = 0. Suppose 0*v + 5*o = t*v - 194, -o + 274 = 4*v. Calculate the remainder when v is divided by 23.
22
Let t = 10 + -5. Suppose -t*n = 4*p - 91, 0 = 3*p - p - 4*n - 26. What is the remainder when 30 is divided by p?
11
Let r(a) = 12*a**3 + 3*a - 10. Let q(o) = o**3 + 7*o**2 - 21*o - 25. Let h be q(-9). Calculate the remainder when r(h) is divided by 32.
28
Suppose -3*r - 5*g = -g - 31, 0 = 5*g + 10. Let z(x) = x**3 - 2*x**2 - x - 208. Let k be z(0). Let y = k - -242. Calculate the remainder when y is divided by r.
8
Suppose -20*l - 31 + 291 = 0. Suppose 2*b = -0*f - f + 48, 0 = -5*b. Let v = f - 23. Calculate the remainder when v is divided by l.
12
Suppose 3*x + 3*l + 121 - 199 = 0, 5*x + 4*l - 139 = 0. Calculate the remainder when 5664 is divided by x.
29
Suppose 2*a + p - 31 = 2*p, 4*